rs of 815?
5, 163
What are the prime factors of 28295?
5, 5659
What are the prime factors of 7554?
2, 3, 1259
List the prime factors of 8583.
3, 2861
List the prime factors of 961.
31
What are the prime factors of 22216?
2, 2777
List the prime factors of 10607.
10607
List the prime factors of 94781.
94781
What are the prime factors of 6923?
7, 23, 43
List the prime factors of 7166.
2, 3583
List the prime factors of 5990.
2, 5, 599
List the prime factors of 3463.
3463
List the prime factors of 108667.
13, 643
What are the prime factors of 70016?
2, 547
List the prime factors of 52555.
5, 23, 457
What are the prime factors of 4683?
3, 7, 223
List the prime factors of 994.
2, 7, 71
List the prime factors of 23025.
3, 5, 307
List the prime factors of 1842.
2, 3, 307
List the prime factors of 960.
2, 3, 5
List the prime factors of 2019.
3, 673
What are the prime factors of 2065?
5, 7, 59
List the prime factors of 405.
3, 5
What are the prime factors of 1886?
2, 23, 41
List the prime factors of 22113.
3, 7, 13
What are the prime factors of 483?
3, 7, 23
List the prime factors of 30825.
3, 5, 137
List the prime factors of 5322.
2, 3, 887
List the prime factors of 1046.
2, 523
What are the prime factors of 5746?
2, 13, 17
What are the prime factors of 4228?
2, 7, 151
List the prime factors of 14779.
14779
List the prime factors of 9355.
5, 1871
What are the prime factors of 1507?
11, 137
What are the prime factors of 26007?
3, 8669
List the prime factors of 3678.
2, 3, 613
What are the prime factors of 1252?
2, 313
List the prime factors of 160.
2, 5
What are the prime factors of 811?
811
List the prime factors of 4465.
5, 19, 47
What are the prime factors of 2357?
2357
What are the prime factors of 660?
2, 3, 5, 11
What are the prime factors of 86?
2, 43
What are the prime factors of 4897?
59, 83
What are the prime factors of 9218?
2, 11, 419
List the prime factors of 13845.
3, 5, 13, 71
List the prime factors of 6102.
2, 3, 113
What are the prime factors of 29488?
2, 19, 97
What are the prime factors of 168?
2, 3, 7
List the prime factors of 4742.
2, 2371
List the prime factors of 2518.
2, 1259
List the prime factors of 12916.
2, 3229
What are the prime factors of 4566?
2, 3, 761
List the prime factors of 14955.
3, 5, 997
List the prime factors of 142244.
2, 43, 827
What are the prime factors of 23620?
2, 5, 1181
List the prime factors of 3410.
2, 5, 11, 31
List the prime factors of 4043.
13, 311
What are the prime factors of 4138?
2, 2069
List the prime factors of 152383.
7, 11, 1979
List the prime factors of 16800.
2, 3, 5, 7
What are the prime factors of 6?
2, 3
What are the prime factors of 5112?
2, 3, 71
List the prime factors of 33641.
33641
What are the prime factors of 2362?
2, 1181
What are the prime factors of 4730?
2, 5, 11, 43
What are the prime factors of 68609?
19, 23, 157
What are the prime factors of 3738?
2, 3, 7, 89
What are the prime factors of 29913?
3, 13, 59
What are the prime factors of 24899?
7, 3557
List the prime factors of 18158.
2, 7, 1297
List the prime factors of 1387.
19, 73
What are the prime factors of 59977?
37, 1621
What are the prime factors of 18223?
18223
List the prime factors of 859.
859
What are the prime factors of 5648?
2, 353
What are the prime factors of 669?
3, 223
List the prime factors of 50719.
67, 757
List the prime factors of 642.
2, 3, 107
List the prime factors of 89215.
5, 7, 2549
List the prime factors of 159026.
2, 7, 37, 307
List the prime factors of 22715.
5, 7, 11, 59
List the prime factors of 46596.
2, 3, 11, 353
What are the prime factors of 17351?
17351
List the prime factors of 23484.
2, 3, 19, 103
List the prime factors of 396.
2, 3, 11
What are the prime factors of 90624?
2, 3, 59
What are the prime factors of 145776?
2, 3, 3037
List the prime factors of 16774.
2, 8387
List the prime factors of 2998.
2, 1499
What are the prime factors of 26229?
3, 7, 1249
List the prime factors of 1764.
2, 3, 7
What are the prime factors of 1458?
2, 3
What are the prime factors of 917?
7, 131
What are the prime factors of 55?
5, 11
List the prime factors of 127.
127
What are the prime factors of 1829?
31, 59
List the prime factors of 2570.
2, 5, 257
What are the prime factors of 54933?
3, 18311
List the prime factors of 79.
79
List the prime factors of 2718.
2, 3, 151
List the prime factors of 2215.
5, 443
What are the prime factors of 6400?
2, 5
List the prime factors of 135400.
2, 5, 677
List the prime factors of 14754.
2, 3, 2459
List the prime factors of 781.
11, 71
What are the prime factors of 1479?
3, 17, 29
List the prime factors of 90702.
2, 3, 5039
List the prime factors of 936.
2, 3, 13
What are the prime factors of 6713?
7, 137
What are the prime factors of 2147?
19, 113
List the prime factors of 6519.
3, 41, 53
What are the prime factors of 346?
2, 173
List the prime factors of 561.
3, 11, 17
List the prime factors of 2422.
2, 7, 173
List the prime factors of 54805.
5, 97, 113
What are the prime factors of 8667?
3, 107
What are the prime factors of 14215?
5, 2843
What are the prime factors of 102906?
2, 3, 5717
What are the prime factors of 3563?
7, 509
List the prime factors of 44302.
2, 17, 1303
What are the prime factors of 24752?
2, 7, 13, 17
List the prime factors of 1493.
1493
What are the prime factors of 4333?
7, 619
What are the prime factors of 6971?
6971
What are the prime factors of 563?
563
List the prime factors of 1798.
2, 29, 31
What are the prime factors of 4595?
5, 919
What are the prime factors of 19103?
7, 2729
List the prime factors of 2237.
2237
List the prime factors of 515.
5, 103
What are the prime factors of 559?
13, 43
What are the prime factors of 47454?
2, 3, 11, 719
What are the prime factors of 547?
547
What are the prime factors of 21631?
97, 223
List the prime factors of 426.
2, 3, 71
List the prime factors of 11280.
2, 3, 5, 47
List the prime factors of 6996.
2, 3, 11, 53
List the prime factors of 38.
2, 19
What are the prime factors of 955?
5, 191
What are the prime factors of 13996?
2, 3499
List the prime factors of 1506.
2, 3, 251
List the prime factors of 16511.
11, 19, 79
List the prime factors of 55940.
2, 5, 2797
What are the prime factors of 21654?
2, 3, 401
What are the prime factors of 1270?
2, 5, 127
What are the prime factors of 1937?
13, 149
What are the prime factors of 5357?
11, 487
What are the prime factors of 1010?
2, 5, 101
What are the prime factors of 9756?
2, 3, 271
List the prime factors of 60.
2, 3, 5
What are the prime factors of 3389?
3389
What are the prime factors of 1514?
2, 757
What are the prime factors of 2545?
5, 509
List the prime factors of 1616.
2, 101
List the prime factors of 6888.
2, 3, 7, 41
What are the prime factors of 8296?
2, 17, 61
What are the prime factors of 10828?
2, 2707
What are the prime factors of 704?
2, 11
What are the prime factors of 216?
2, 3
What are the prime factors of 64615?
5, 12923
What are the prime factors of 3790?
2, 5, 379
List the prime factors of 69963.
3, 23321
List the prime factors of 3271.
3271
List the prime factors of 8015.
5, 7, 229
What are the prime factors of 45320?
2, 5, 11, 103
List the prime factors of 2496.
2, 3, 13
What are the prime factors of 19088?
2, 1193
List the prime factors of 4368.
2, 3, 7, 13
List the prime factors of 16360.
2, 5, 409
List the prime factors of 1288.
2, 7, 23
List the prime factors of 3767.
3767
What are the prime factors of 71853?
3, 43, 557
List the prime factors of 24342.
2, 3, 4057
List the prime factors of 24144.
2, 3, 503
What are the prime factors of 733?
733
List the prime factors of 669.
3, 223
What are the prime factors of 1337?
7, 191
List the prime factors of 455.
5, 7, 13
List the prime factors of 9233.
7, 1319
What are the prime factors of 6045?
3, 5, 13, 31
List the prime factors of 2525.
5, 101
What are the prime factors of 404?
2, 101
What are the prime factors of 24259?
17, 1427
What are the prime factors of 1115?
5, 223
List the prime factors of 64113.
3, 7, 43, 71
What are the prime factors of 2091?
3, 17, 41
List the prime factors of 433.
433
List the prime factors of 4737.
3, 1579
List the prime factors of 2135.
5, 7, 61
List the prime factors of 13802.
2, 67, 103
List the prime factors of 12711.
3, 19, 223
List the prim